{"id":50637,"date":"2025-10-23T10:39:06","date_gmt":"2025-10-23T08:39:06","guid":{"rendered":"https:\/\/www.ifplants.eu\/nuestro-equipo\/"},"modified":"2026-03-23T12:08:22","modified_gmt":"2026-03-23T11:08:22","slug":"nuestro-equipo","status":"publish","type":"page","link":"https:\/\/www.ifplants.eu\/es\/nuestro-equipo\/","title":{"rendered":"Nuestro equipo"},"content":{"rendered":"<div class=\"wpb-content-wrapper\"><p>[vc_row css=\u00bb.vc_custom_1633446316254{background-position: center !important;background-repeat: no-repeat !important;background-size: cover !important;}\u00bb][vc_column][vc_column_text css=\u00bb\u00bb]Un equipo apasionado por las plantas al servicio de su crecimiento<\/p>\n<p>En If Plants, nuestra mayor fortaleza es nuestro equipo de expertos en plantas y horticultura. Compuesto por profesionales con perfiles variados, nuestro equipo comparte una misma pasi\u00f3n: los vegetales y la satisfacci\u00f3n del cliente.<\/p>\n<p>Cada d\u00eda, ponemos nuestro saber hacer al servicio de nuestros clientes para ofrecerles las mejores plantas de Espa\u00f1a, cuidadosamente seleccionadas por su calidad y su belleza. Gracias a nuestra experiencia combinada \u2013 m\u00e1s de 200 a\u00f1os de experiencia hort\u00edcola \u2013 acompa\u00f1amos a empresas, jardiner\u00edas y paisajistas en el desarrollo de su actividad verde.<\/p>\n<p>Creemos que el esfuerzo y la pasi\u00f3n marcan la diferencia. Por eso trabajamos duro para garantizar un servicio al cliente personalizado, reactivo y profesional.<\/p>\n<p>\ud83c\udf31 P\u00f3ngase en contacto con nosotros hoy mismo para descubrir c\u00f3mo nuestro equipo puede ayudarle a enriquecer su cat\u00e1logo vegetal y a hacer crecer su empresa de forma natural.[\/vc_column_text][vc_media_grid element_width=\u00bb2&#8243; css=\u00bb\u00bb grid_id=\u00bbvc_gid:1774263845034-3f13da07-a09e-8&#8243; include=\u00bb50473,50443,50434,50452,50470,50455,50476,50467,50464,50458,50449,50446,50440,59858,59859,59860,60213&#8243;][\/vc_column][\/vc_row][vc_row css=\u00bb.vc_custom_1535430089214{padding-bottom: 70px !important;}\u00bb][vc_column][vc_column_text css=\u00bb\u00bb]<\/p>\n<h4 style=\"text-align: center;\"><\/h4>\n<p>&nbsp;<\/p>\n<p>Un equipo apasionado que hace florecer sus proyectos<\/p>\n<p>\u00bfNuestra misi\u00f3n? Inspirar a nuestros clientes a pintar el mundo de verde, a trav\u00e9s de vegetales de calidad, un servicio al cliente excepcional y un enfoque sostenible de la horticultura.<\/p>\n<p>\ud83c\udf31 \u00danase a la experiencia If Plants y descubra c\u00f3mo nuestro equipo de expertos puede transformar sus espacios y sus ideas en una explosi\u00f3n de verdor y de vida.[\/vc_column_text][vc_single_image image=\u00bb50430&#8243; img_size=\u00bb2500&#215;600&#8243; css=\u00bb\u00bb][\/vc_column][\/vc_row]<\/p>\n<\/div>","protected":false},"excerpt":{"rendered":"<p>[vc_row css=\u00bb.vc_custom_1633446316254{background-position: center !important;background-repeat: no-repeat !important;background-size: cover !important;}\u00bb][vc_column][vc_column_text css=\u00bb\u00bb]Un equipo apasionado por las plantas al servicio de su crecimiento En If Plants, nuestra mayor fortaleza es nuestro equipo de expertos en plantas y horticultura. Compuesto por profesionales con perfiles variados, nuestro equipo comparte una misma pasi\u00f3n: los vegetales y la satisfacci\u00f3n del cliente. Cada d\u00eda, [&hellip;]<\/p>\n","protected":false},"author":1,"featured_media":0,"parent":0,"menu_order":0,"comment_status":"closed","ping_status":"closed","template":"","meta":{"_joinchat":[],"footnotes":""},"class_list":["post-50637","page","type-page","status-publish","hentry"],"yoast_head":"<!-- This site is optimized with the Yoast SEO plugin v27.4 - https:\/\/yoast.com\/product\/yoast-seo-wordpress\/ -->\n<title>Nuestro equipo | IF Plants<\/title>\n<meta name=\"description\" content=\"Expertos en plantas en IF Plants. Soluciones vegetales a medida, calidad profesional y asesoramiento especializado.\" \/>\n<meta name=\"robots\" content=\"index, follow, max-snippet:-1, max-image-preview:large, max-video-preview:-1\" \/>\n<link rel=\"canonical\" href=\"https:\/\/www.ifplants.eu\/es\/nuestro-equipo\/\" \/>\n<meta property=\"og:locale\" content=\"es_ES\" \/>\n<meta property=\"og:type\" content=\"article\" \/>\n<meta property=\"og:title\" content=\"Nuestro equipo | IF Plants\" \/>\n<meta property=\"og:description\" content=\"Expertos en plantas en IF Plants. Soluciones vegetales a medida, calidad profesional y asesoramiento especializado.\" \/>\n<meta property=\"og:url\" content=\"https:\/\/www.ifplants.eu\/es\/nuestro-equipo\/\" \/>\n<meta property=\"og:site_name\" content=\"IF Plants\" \/>\n<meta property=\"article:publisher\" content=\"https:\/\/www.facebook.com\/ifplantspepinieres\/\" \/>\n<meta property=\"article:modified_time\" content=\"2026-03-23T11:08:22+00:00\" \/>\n<meta name=\"twitter:card\" content=\"summary_large_image\" \/>\n<meta name=\"twitter:label1\" content=\"Tiempo de lectura\" \/>\n\t<meta name=\"twitter:data1\" content=\"2 minutos\" \/>\n<script type=\"application\/ld+json\" class=\"yoast-schema-graph\">{\"@context\":\"https:\\\/\\\/schema.org\",\"@graph\":[{\"@type\":\"WebPage\",\"@id\":\"https:\\\/\\\/www.ifplants.eu\\\/es\\\/nuestro-equipo\\\/\",\"url\":\"https:\\\/\\\/www.ifplants.eu\\\/es\\\/nuestro-equipo\\\/\",\"name\":\"Nuestro equipo | IF Plants\",\"isPartOf\":{\"@id\":\"https:\\\/\\\/www.ifplants.eu\\\/es\\\/#website\"},\"datePublished\":\"2025-10-23T08:39:06+00:00\",\"dateModified\":\"2026-03-23T11:08:22+00:00\",\"description\":\"Expertos en plantas en IF Plants. Soluciones vegetales a medida, calidad profesional y asesoramiento especializado.\",\"breadcrumb\":{\"@id\":\"https:\\\/\\\/www.ifplants.eu\\\/es\\\/nuestro-equipo\\\/#breadcrumb\"},\"inLanguage\":\"es\",\"potentialAction\":[{\"@type\":\"ReadAction\",\"target\":[\"https:\\\/\\\/www.ifplants.eu\\\/es\\\/nuestro-equipo\\\/\"]}]},{\"@type\":\"BreadcrumbList\",\"@id\":\"https:\\\/\\\/www.ifplants.eu\\\/es\\\/nuestro-equipo\\\/#breadcrumb\",\"itemListElement\":[{\"@type\":\"ListItem\",\"position\":1,\"name\":\"Inicio\",\"item\":\"https:\\\/\\\/www.ifplants.eu\\\/es\\\/\"},{\"@type\":\"ListItem\",\"position\":2,\"name\":\"Nuestro equipo\"}]},{\"@type\":\"WebSite\",\"@id\":\"https:\\\/\\\/www.ifplants.eu\\\/es\\\/#website\",\"url\":\"https:\\\/\\\/www.ifplants.eu\\\/es\\\/\",\"name\":\"IF Plants\",\"description\":\"Otro sitio realizado con WordPress\",\"publisher\":{\"@id\":\"https:\\\/\\\/www.ifplants.eu\\\/es\\\/#organization\"},\"potentialAction\":[{\"@type\":\"SearchAction\",\"target\":{\"@type\":\"EntryPoint\",\"urlTemplate\":\"https:\\\/\\\/www.ifplants.eu\\\/es\\\/?s={search_term_string}\"},\"query-input\":{\"@type\":\"PropertyValueSpecification\",\"valueRequired\":true,\"valueName\":\"search_term_string\"}}],\"inLanguage\":\"es\"},{\"@type\":\"Organization\",\"@id\":\"https:\\\/\\\/www.ifplants.eu\\\/es\\\/#organization\",\"name\":\"ifplants\",\"url\":\"https:\\\/\\\/www.ifplants.eu\\\/es\\\/\",\"logo\":{\"@type\":\"ImageObject\",\"inLanguage\":\"es\",\"@id\":\"https:\\\/\\\/www.ifplants.eu\\\/es\\\/#\\\/schema\\\/logo\\\/image\\\/\",\"url\":\"https:\\\/\\\/www.ifplants.eu\\\/wp-content\\\/uploads\\\/2021\\\/03\\\/logo.png\",\"contentUrl\":\"https:\\\/\\\/www.ifplants.eu\\\/wp-content\\\/uploads\\\/2021\\\/03\\\/logo.png\",\"width\":116,\"height\":70,\"caption\":\"ifplants\"},\"image\":{\"@id\":\"https:\\\/\\\/www.ifplants.eu\\\/es\\\/#\\\/schema\\\/logo\\\/image\\\/\"},\"sameAs\":[\"https:\\\/\\\/www.facebook.com\\\/ifplantspepinieres\\\/\",\"https:\\\/\\\/www.instagram.com\\\/ifplants\\\/\",\"https:\\\/\\\/www.linkedin.com\\\/company\\\/if-plants\\\/\",\"https:\\\/\\\/youtube.com\\\/channel\\\/UC69COSViXsi8cJQuMQlWRew\"]}]}<\/script>\n<!-- \/ Yoast SEO plugin. -->","yoast_head_json":{"title":"Nuestro equipo | IF Plants","description":"Expertos en plantas en IF Plants. Soluciones vegetales a medida, calidad profesional y asesoramiento especializado.","robots":{"index":"index","follow":"follow","max-snippet":"max-snippet:-1","max-image-preview":"max-image-preview:large","max-video-preview":"max-video-preview:-1"},"canonical":"https:\/\/www.ifplants.eu\/es\/nuestro-equipo\/","og_locale":"es_ES","og_type":"article","og_title":"Nuestro equipo | IF Plants","og_description":"Expertos en plantas en IF Plants. Soluciones vegetales a medida, calidad profesional y asesoramiento especializado.","og_url":"https:\/\/www.ifplants.eu\/es\/nuestro-equipo\/","og_site_name":"IF Plants","article_publisher":"https:\/\/www.facebook.com\/ifplantspepinieres\/","article_modified_time":"2026-03-23T11:08:22+00:00","twitter_card":"summary_large_image","twitter_misc":{"Tiempo de lectura":"2 minutos"},"schema":{"@context":"https:\/\/schema.org","@graph":[{"@type":"WebPage","@id":"https:\/\/www.ifplants.eu\/es\/nuestro-equipo\/","url":"https:\/\/www.ifplants.eu\/es\/nuestro-equipo\/","name":"Nuestro equipo | IF Plants","isPartOf":{"@id":"https:\/\/www.ifplants.eu\/es\/#website"},"datePublished":"2025-10-23T08:39:06+00:00","dateModified":"2026-03-23T11:08:22+00:00","description":"Expertos en plantas en IF Plants. Soluciones vegetales a medida, calidad profesional y asesoramiento especializado.","breadcrumb":{"@id":"https:\/\/www.ifplants.eu\/es\/nuestro-equipo\/#breadcrumb"},"inLanguage":"es","potentialAction":[{"@type":"ReadAction","target":["https:\/\/www.ifplants.eu\/es\/nuestro-equipo\/"]}]},{"@type":"BreadcrumbList","@id":"https:\/\/www.ifplants.eu\/es\/nuestro-equipo\/#breadcrumb","itemListElement":[{"@type":"ListItem","position":1,"name":"Inicio","item":"https:\/\/www.ifplants.eu\/es\/"},{"@type":"ListItem","position":2,"name":"Nuestro equipo"}]},{"@type":"WebSite","@id":"https:\/\/www.ifplants.eu\/es\/#website","url":"https:\/\/www.ifplants.eu\/es\/","name":"IF Plants","description":"Otro sitio realizado con WordPress","publisher":{"@id":"https:\/\/www.ifplants.eu\/es\/#organization"},"potentialAction":[{"@type":"SearchAction","target":{"@type":"EntryPoint","urlTemplate":"https:\/\/www.ifplants.eu\/es\/?s={search_term_string}"},"query-input":{"@type":"PropertyValueSpecification","valueRequired":true,"valueName":"search_term_string"}}],"inLanguage":"es"},{"@type":"Organization","@id":"https:\/\/www.ifplants.eu\/es\/#organization","name":"ifplants","url":"https:\/\/www.ifplants.eu\/es\/","logo":{"@type":"ImageObject","inLanguage":"es","@id":"https:\/\/www.ifplants.eu\/es\/#\/schema\/logo\/image\/","url":"https:\/\/www.ifplants.eu\/wp-content\/uploads\/2021\/03\/logo.png","contentUrl":"https:\/\/www.ifplants.eu\/wp-content\/uploads\/2021\/03\/logo.png","width":116,"height":70,"caption":"ifplants"},"image":{"@id":"https:\/\/www.ifplants.eu\/es\/#\/schema\/logo\/image\/"},"sameAs":["https:\/\/www.facebook.com\/ifplantspepinieres\/","https:\/\/www.instagram.com\/ifplants\/","https:\/\/www.linkedin.com\/company\/if-plants\/","https:\/\/youtube.com\/channel\/UC69COSViXsi8cJQuMQlWRew"]}]}},"_links":{"self":[{"href":"https:\/\/www.ifplants.eu\/es\/wp-json\/wp\/v2\/pages\/50637","targetHints":{"allow":["GET"]}}],"collection":[{"href":"https:\/\/www.ifplants.eu\/es\/wp-json\/wp\/v2\/pages"}],"about":[{"href":"https:\/\/www.ifplants.eu\/es\/wp-json\/wp\/v2\/types\/page"}],"author":[{"embeddable":true,"href":"https:\/\/www.ifplants.eu\/es\/wp-json\/wp\/v2\/users\/1"}],"replies":[{"embeddable":true,"href":"https:\/\/www.ifplants.eu\/es\/wp-json\/wp\/v2\/comments?post=50637"}],"version-history":[{"count":14,"href":"https:\/\/www.ifplants.eu\/es\/wp-json\/wp\/v2\/pages\/50637\/revisions"}],"predecessor-version":[{"id":60596,"href":"https:\/\/www.ifplants.eu\/es\/wp-json\/wp\/v2\/pages\/50637\/revisions\/60596"}],"wp:attachment":[{"href":"https:\/\/www.ifplants.eu\/es\/wp-json\/wp\/v2\/media?parent=50637"}],"curies":[{"name":"wp","href":"https:\/\/api.w.org\/{rel}","templated":true}]}}

<div class="wpb-content-wrapper"><p>[vc_row css=».vc_custom_1633446316254{background-position: center !important;background-repeat: no-repeat !important;background-size: cover !important;}»][vc_column][vc_column_text css=»»]Un equipo apasionado por las plantas al servicio de su crecimiento</p>
<p>En If Plants, nuestra mayor fortaleza es nuestro equipo de expertos en plantas y horticultura. Compuesto por profesionales con perfiles variados, nuestro equipo comparte una misma pasión: los vegetales y la satisfacción del cliente.</p>
<p>Cada día, ponemos nuestro saber hacer al servicio de nuestros clientes para ofrecerles las mejores plantas de España, cuidadosamente seleccionadas por su calidad y su belleza. Gracias a nuestra experiencia combinada – más de 200 años de experiencia hortícola – acompañamos a empresas, jardinerías y paisajistas en el desarrollo de su actividad verde.</p>
<p>Creemos que el esfuerzo y la pasión marcan la diferencia. Por eso trabajamos duro para garantizar un servicio al cliente personalizado, reactivo y profesional.</p>
<p>🌱 Póngase en contacto con nosotros hoy mismo para descubrir cómo nuestro equipo puede ayudarle a enriquecer su catálogo vegetal y a hacer crecer su empresa de forma natural.[/vc_column_text][vc_media_grid element_width=»2&#8243; css=»» grid_id=»vc_gid:1774263845034-3f13da07-a09e-8&#8243; include=»50473,50443,50434,50452,50470,50455,50476,50467,50464,50458,50449,50446,50440,59858,59859,59860,60213&#8243;][/vc_column][/vc_row][vc_row css=».vc_custom_1535430089214{padding-bottom: 70px !important;}»][vc_column][vc_column_text css=»»]</p>
<h4 style="text-align: center;"></h4>
<p>&nbsp;</p>
<p>Un equipo apasionado que hace florecer sus proyectos</p>
<p>¿Nuestra misión? Inspirar a nuestros clientes a pintar el mundo de verde, a través de vegetales de calidad, un servicio al cliente excepcional y un enfoque sostenible de la horticultura.</p>
<p>🌱 Únase a la experiencia If Plants y descubra cómo nuestro equipo de expertos puede transformar sus espacios y sus ideas en una explosión de verdor y de vida.[/vc_column_text][vc_single_image image=»50430&#8243; img_size=»2500&#215;600&#8243; css=»»][/vc_column][/vc_row]</p>
</div>

<p>[vc_row css=».vc_custom_1633446316254{background-position: center !important;background-repeat: no-repeat !important;background-size: cover !important;}»][vc_column][vc_column_text css=»»]Un equipo apasionado por las plantas al servicio de su crecimiento En If Plants, nuestra mayor fortaleza es nuestro equipo de expertos en plantas y horticultura. Compuesto por profesionales con perfiles variados, nuestro equipo comparte una misma pasión: los vegetales y la satisfacción del cliente. Cada día, [&hellip;]</p>
